tors of 102359795?
5, 347, 58997
What are the prime factors of 17152262?
2, 8576131
List the prime factors of 21912387.
3, 7, 47, 149
What are the prime factors of 1538206505?
5, 11, 27967391
What are the prime factors of 1570032433?
17, 37, 2496077
What are the prime factors of 6431301970?
2, 5, 137, 4694381
What are the prime factors of 134462743?
134462743
List the prime factors of 1993969453.
7, 199, 1431421
List the prime factors of 44100745.
5, 13, 397, 1709
List the prime factors of 104660711.
104660711
List the prime factors of 156799377.
3, 7, 37, 137, 491
What are the prime factors of 2546406633?
3, 848802211
List the prime factors of 10514804.
2, 163, 16127
List the prime factors of 137475521.
307, 569, 787
What are the prime factors of 245136895?
5, 6977, 7027
List the prime factors of 276302890.
2, 5, 71, 107, 3637
What are the prime factors of 10251896?
2, 53, 24179
List the prime factors of 1099209050.
2, 5, 313, 70237
What are the prime factors of 53280787?
7, 191, 5693
List the prime factors of 81444499.
29, 983, 2857
What are the prime factors of 106817843?
11, 53, 3457
What are the prime factors of 332178857?
23, 31, 173, 2693
What are the prime factors of 6926888?
2, 17, 31, 53
What are the prime factors of 2655840295?
5, 531168059
List the prime factors of 35305909.
263, 134243
List the prime factors of 150358730.
2, 5, 97, 155009
List the prime factors of 556999863.
3, 7, 26523803
List the prime factors of 37081600.
2, 5, 2897
List the prime factors of 361590457.
361590457
List the prime factors of 464730589.
97, 1493, 3209
List the prime factors of 641835703.
3917, 163859
What are the prime factors of 1896495807?
3, 632165269
List the prime factors of 52790015.
5, 17, 621059
What are the prime factors of 1702840700?
2, 5, 11, 17, 41, 2221
What are the prime factors of 104648341?
7, 53, 282071
What are the prime factors of 50470884?
2, 3, 557, 839
What are the prime factors of 151678150?
2, 5, 13, 229, 1019
What are the prime factors of 125537936?
2, 2657, 2953
What are the prime factors of 6883986196?
2, 53, 2087, 15559
List the prime factors of 36498027.
3, 311, 39119
List the prime factors of 18361150.
2, 5, 157, 2339
List the prime factors of 1440480884.
2, 277, 1300073
List the prime factors of 9368639.
7, 1338377
List the prime factors of 825901236.
2, 3, 439, 52259
What are the prime factors of 198572064?
2, 3, 23, 139, 647
List the prime factors of 327030616.
2, 11, 3716257
List the prime factors of 17806795.
5, 3561359
What are the prime factors of 1068124570?
2, 5, 106812457
What are the prime factors of 65046386?
2, 17, 19, 5923
List the prime factors of 38137872.
2, 3, 41, 19379
List the prime factors of 1105352057.
73, 503, 30103
List the prime factors of 53391295.
5, 47, 67, 3391
List the prime factors of 5359321.
11, 487211
What are the prime factors of 10459529?
10459529
What are the prime factors of 19784783?
223, 88721
What are the prime factors of 891146174?
2, 3581, 124427
List the prime factors of 485281591.
97, 5002903
List the prime factors of 48127001.
13, 631, 5867
List the prime factors of 353571771.
3, 7, 31, 467, 1163
What are the prime factors of 967894284?
2, 3, 7, 11522551
What are the prime factors of 52927800?
2, 3, 5, 17, 5189
List the prime factors of 388691152.
2, 41, 592517
What are the prime factors of 18324474?
2, 3, 7, 19, 22963
What are the prime factors of 48243658?
2, 3347, 7207
What are the prime factors of 104490829?
59, 1771031
List the prime factors of 358591000.
2, 5, 358591
What are the prime factors of 44030453?
44030453
What are the prime factors of 704654181?
3, 7, 11, 73, 4643
What are the prime factors of 588855614?
2, 23, 29, 441421
List the prime factors of 630139975.
5, 1423, 17713
What are the prime factors of 3199405774?
2, 521, 3070447
List the prime factors of 777342635.
5, 47, 911, 3631
List the prime factors of 800199051.
3, 229, 541, 2153
What are the prime factors of 3722882168?
2, 465360271
What are the prime factors of 69975544?
2, 1213, 7211
What are the prime factors of 38601651?
3, 11, 1169747
List the prime factors of 447594471.
3, 16577573
What are the prime factors of 4176532205?
5, 17, 49135673
List the prime factors of 4035137743.
7, 13, 599, 74027
List the prime factors of 29842705.
5, 103, 57947
List the prime factors of 3884043943.
13, 298772611
List the prime factors of 238979021.
331, 721991
What are the prime factors of 607646129?
607646129
List the prime factors of 9574219.
9574219
List the prime factors of 88586246.
2, 7, 19, 333031
List the prime factors of 358661175.
3, 5, 1481, 3229
List the prime factors of 3896862943.
2053, 1898131
What are the prime factors of 28814387?
7, 61, 67481
What are the prime factors of 6491946904?
2, 19, 2441, 17497
List the prime factors of 396025863.
3, 17, 7765213
List the prime factors of 384315116.
2, 96078779
List the prime factors of 288130.
2, 5, 28813
What are the prime factors of 145088568?
2, 3, 523, 3853
What are the prime factors of 139086664?
2, 311, 55903
What are the prime factors of 847980544?
2, 414053
What are the prime factors of 239140732?
2, 4421, 13523
What are the prime factors of 275117007?
3, 11, 23, 362473
List the prime factors of 3103855872.
2, 3, 13, 310883
List the prime factors of 51008092.
2, 17, 750119
List the prime factors of 2108882533.
2108882533
List the prime factors of 21953885.
5, 17, 15193
What are the prime factors of 492536?
2, 11, 29, 193
What are the prime factors of 300911488?
2, 1097, 2143
What are the prime factors of 1247646148?
2, 7, 44558791
What are the prime factors of 2812519771?
13669, 205759
What are the prime factors of 76349063?
7, 31, 193, 1823
What are the prime factors of 989618584?
2, 123702323
List the prime factors of 1568514024.
2, 3, 7, 11, 94307
List the prime factors of 3123986069.
7109, 439441
What are the prime factors of 1217270634?
2, 3, 163, 359, 3467
List the prime factors of 2143830710.
2, 5, 7, 30626153
List the prime factors of 329789884.
2, 82447471
What are the prime factors of 110466981?
3, 31, 599, 661
What are the prime factors of 48891461?
1291, 37871
List the prime factors of 2254847906.
2, 199, 5665447
What are the prime factors of 5293839887?
7, 29, 1223, 21323
What are the prime factors of 66190369?
7, 9455767
What are the prime factors of 142487084?
2, 35621771
What are the prime factors of 3845283274?
2, 7, 13789, 19919
What are the prime factors of 3950584091?
37, 1283, 83221
List the prime factors of 371076095.
5, 13, 197, 28979
List the prime factors of 4774538010.
2, 3, 5, 11, 79, 373, 491
List the prime factors of 146533503.
3, 48844501
List the prime factors of 2244451271.
2244451271
What are the prime factors of 713072056?
2, 89134007
What are the prime factors of 917375880?
2, 3, 5, 7644799
What are the prime factors of 1540726274?
2, 3359, 229343
List the prime factors of 163998846.
2, 3, 11, 828277
What are the prime factors of 24301487?
7, 83, 151, 277
List the prime factors of 341157938.
2, 11, 17, 912187
What are the prime factors of 489383644?
2, 122345911
List the prime factors of 151483221.
3, 23, 731803
List the prime factors of 60243298.
2, 53, 547, 1039
What are the prime factors of 5650363612?
2, 6701, 210803
What are the prime factors of 1465687437?
3, 5119, 95441
What are the prime factors of 77455758?
2, 3, 881, 14653
List the prime factors of 209223134.
2, 23, 4548329
What are the prime factors of 85471016?
2, 10683877
What are the prime factors of 52864421?
229, 230849
List the prime factors of 667752991.
4787, 139493
What are the prime factors of 51331103?
19, 2701637
List the prime factors of 108075008.
2, 113, 467
List the prime factors of 62229407.
103, 233, 2593
List the prime factors of 58614113.
17, 202817
List the prime factors of 48997869.
3, 16332623
List the prime factors of 244551323.
113, 2164171
What are the prime factors of 84975233?
7, 12139319
List the prime factors of 854355448.
2, 367, 290993
What are the prime factors of 75059827?
75059827
List the prime factors of 1207377944.
2, 17, 599, 14821
What are the prime factors of 139423241?
97, 277, 5189
What are the prime factors of 211993313?
7, 37, 59, 13873
What are the prime factors of 6053249143?
17, 41, 547, 15877
What